. Let j(k) be the first derivative of h(k). What is j(0)?
22
Let o(i) = -26*i + 21*i - i**2 - 6*i + 24 - 2*i. Determine o(-15).
-6
Let j(u) = -u. Let r(v) = 3*v. Suppose 3*o + 3*z = 15, -4*o + 38 = -2*o - 5*z. Suppose -o*k + 21 = -6*k. Let d(m) = k*j(m) + 4*r(m). Calculate d(1).
5
Let k(o) = -o**2 - 9*o - 9. Suppose 163*s + 78 = 150*s. Give k(s).
9
Let u(z) be the first derivative of 1/2*z**2 - z - 50. What is u(-5)?
-6
Let r be (-6)/(-10) - (-2)/5. Suppose -3*b = -a, b + r - 11 = 2*a. Let c(y) = -5*y - y**2 - 161 + 310 - 150 + 0*y**2. What is c(a)?
-7
Let d(j) = -j**3 - 2*j**2 + 5*j + 4. Let l = -928 + 923. Determine d(l).
54
Let v(a) = -a - 2. Let b(o) = o**3 + 56*o**2 + 106*o - 107. Let j be b(-54). Calculate v(j).
-3
Let p(c) = 5 - 2*c**2 + 1 + 5*c**2 + 9*c + 2*c - 8*c. Give p(-2).
12
Let w(n) = -246*n + 26 + 246*n - 13 - 12 - 3*n**2. Determine w(-3).
-26
Let f(x) = 2*x + 1. Let s(o) = 15*o + 13. Let r(c) = 6*f(c) - s(c). Determine r(8).
-31
Suppose -j = -3*c + 2*j + 12, 0 = -3*c - j + 4. Let g(x) = c*x + 0*x - 1 + 2 - x. Let m be g(2). Let t(s) = -s**3 + 3*s**2 + s + 3. Determine t(m).
6
Let c(t) be the first derivative of -t**2/2 - 11*t - 13. Let l be c(-13). Let f(q) = q**3 - q**2 - 2. Give f(l).
2
Let v(m) be the first derivative of 3*m**2/2 + 34*m - 293. Determine v(-10).
4
Suppose 5*r + 10*i - 5*i = 60, r - 3*i - 8 = 0. Let q(v) = v + 3*v + 6 + 12*v - v**2 - r*v. Calculate q(6).
0
Let j(x) = -x - 3. Let k(m) = -56*m - 272. Let n be k(-5). Give j(n).
-11
Let d(b) = -7*b**3 + 4*b**2 + 4*b. Let y(l) = -133*l**3 + 77*l**2 + 77*l. Let q(a) = -77*d(a) + 4*y(a). Let m be (2/(-2))/(5/45). Let p = 8 + m. What is q(p)?
-7
Let r(o) = 5*o. Let x(l) be the third derivative of l**4/6 + 17*l**2. Let j(y) = 5*r(y) - 6*x(y). What is j(4)?
4
Let m(g) = g**3 + 7. Let k be m(0). Let q = k - 0. Let t = q - 10. Let r(u) = u**3 + 3*u**2 + u + 4. Determine r(t).
1
Let c(n) = -7*n - 17. Let t(s) = -3*s - 7. Let r(p) = -2*c(p) + 5*t(p). Let o(x) = -2*x + 5. Let d be o(0). Calculate r(d).
-6
Suppose 0 = g - 3*g + 10. Let w(s) = g*s + 96 - 97 + s**2 + s. Give w(-4).
-9
Suppose 4*k = 6*k + 2*x + 38, -k + x - 9 = 0. Let b(n) = -2*n - 24. Let v be b(k). Let g(f) = -f - 2. Calculate g(v).
-6
Let d(p) = 6*p**2 + 1 - 7*p**2 - 3*p + 4*p - 6*p**2. What is d(-1)?
-7
Suppose -12*m - 119 = -47. Let o(k) = 3*k + 12. Determine o(m).
-6
Let m(j) be the third derivative of j**5/30 - 3*j**4/4 + 4*j**3/3 + 516*j**2. Determine m(8).
-8
Let w(f) be the third derivative of f**5/60 - 3*f**4/4 - f**3/6 - 75*f**2 + 3. Determine w(16).
-33
Let a = 2 - 0. Let d(w) = -8*w**a + 5*w**2 - 4 + 1 + 4*w. Suppose -3*y + 6 = -0*y. Calculate d(y).
-7
Let j(o) = -1 + 4*o**3 - 2*o**3 - 18*o**3. Let b be 7 - (31/4 - 12/(-48)). Determine j(b).
15
Let l(u) = 14*u - 22 + 6 - u**3 - 29*u + 2*u**2 + 7 + 19*u. Calculate l(4).
-25
Let j(i) be the third derivative of -i**4/6 - 4*i**3/3 + 3*i**2 + 92*i. What is j(5)?
-28
Let d(x) = 7*x + 100. Let i be d(-13). Let c(r) = -r**2 + 9*r + 2. What is c(i)?
2
Suppose -f - f + 18 = 0. Let r(q) = 8*q**2 - 16*q - 10. Let v(d) = -7*d**2 + 15*d + 9. Let p(a) = -6*r(a) - 7*v(a). What is p(f)?
-3
Let b(a) = -7*a**3 - 7*a**2 - 14*a - 19. Let n(f) = -4*f**3 - 3*f**2 - 7*f - 10. Let v(i) = 3*b(i) - 5*n(i). Let u = -1 + 11. Let c = u - 15. Give v(c).
3
Let v(a) = a**2 + 4*a - 2. Suppose -18 = -13*d + 21. Suppose 63 = d*o + 78. Determine v(o).
3
Let a(w) = w**2 + 3*w + 4. Let i = 1 - -12. Let q = 10 - i. Calculate a(q).
4
Suppose 10 = 2*s - 10. Let m(n) = -4*n + 20*n + 7 - s*n - 9*n. Give m(7).
-14
Let a(t) = -t**3 + 9*t**2 - 8*t + 6. Let i be a(8). Suppose 5*c + 5*z + 30 = 0, -4*c + 4*z - 24 = i*z. Let w(x) = x**3 + 6*x**2 + 2*x - 3. Give w(c).
-15
Let b(p) = -p + 2. Let w be b(2). Let a(v) = 9 - v**3 - v**2 - 19*v + 18*v + w*v**2. Suppose -4*d - 20 = g - 4, -5*g + 3*d = -12. What is a(g)?
9
Suppose 11 = 3*o + 5. Let d(t) = 7*t**o + 7*t - 3*t - 43*t**3 - 2 + 44*t**3. What is d(-6)?
10
Let a(w) = -8*w - 6. Suppose 2*o - k = -3, -2*o = 2*k + 2 + 10. Give a(o).
18
Let z(o) = -o + 3. Let r(g) be the second derivative of g**5/20 - g**4/2 - g**3 + g**2/2 - 9*g. Let q be r(7). Determine z(q).
-5
Suppose -5*f = -4*c + 5, f - 3 = -0. Suppose 2*n = -a - 3*n - c, 3*a + 4 = -4*n. Let k(r) be the first derivative of -r**3/3 + r - 16. Calculate k(a).
1
Let h = -5 - -11. Let m(x) = -7*x**2 + 5. Let i(v) = 16*v**2 + 2*v - 11. Let b(f) = 3*i(f) + 7*m(f). What is b(h)?
2
Let t(v) = 13 + 17*v - 48*v + 26*v. What is t(5)?
-12
Let x(u) = 3*u + 0*u - 3*u**3 + 2*u**3 + 2*u**2. Let l be x(3). Let p(s) be the second derivative of s**3/6 + 2*s**2 - s. Calculate p(l).
4
Let s(c) = -4*c**2 + 8*c - 6. Let d(r) = 3*r**2 - 7*r + 5. Let u(h) = 3*d(h) + 2*s(h). What is u(2)?
-3
Let d(j) be the third derivative of -7*j**5/60 - j**4/12 - j**3/6 + 6*j**2. Let g(w) = -w**3 - 5*w**2 + 23*w - 9. Let l be g(-8). What is d(l)?
-6
Let w(i) = -i**3 - 3*i**3 - 5*i**3 + 3*i + 9*i**3 - i**3 + 4*i**2. Determine w(5).
-10
Let j(u) = 2 + u + 0*u + 3*u + 0*u. Let a(r) = -r**3 + 6*r**2 - r + 5. Let h be a(6). Let m be (h - 3)/2 + -1. Calculate j(m).
-10
Let i(h) = 2*h + 85. Let a be i(-46). Let r(u) = -u**2 - 14*u - 46. What is r(a)?
3
Let b(w) = w**3 + 2*w + 709*w**2 - 2 - 709*w**2. Determine b(0).
-2
Let n(r) = -r**3 - 14*r**2 + 15*r - 5. Let f be n(-15). Let z(m) = m**2 + 2*m + 3. Determine z(f).
18
Let q(m) be the second derivative of -m**4/12 + 2*m**3/3 + 5*m**2/2 - 353*m. What is q(-5)?
-40
Suppose -3*l + 11 = -7. Let n(v) be the third derivative of v**6/120 - v**5/10 - v**4/24 - 4*v**2 + 41. Determine n(l).
-6
Let c = 126 - 249. Let s = c + 125. Let q(r) = -r**2 - r + 1. What is q(s)?
-5
Let c be ((-1)/2)/((-5)/40). Suppose 0 = 7*t - 11 + c. Let v(b) = -26*b**3 - 2*b**2 + b. Determine v(t).
-27
Let h(p) be the first derivative of p**2 + 4*p - 12. Calculate h(2).
8
Let l = 7 - 4. Let u(f) = -2 - 42*f + 42*f - 49*f + 47*f. Calculate u(l).
-8
Let n(k) be the second derivative of -k**4/4 + k**3/6 + k**2/2 + 15*k. Let c = 0 - -1. Suppose -3*z = -b + 2*b + c, -3*z = 0. What is n(b)?
-3
Suppose 3*v + 5*o = -4, -2*o = 2*v - 5*o - 10. Let l(w) = -16 + 9 + 5 + w - w**3. Give l(v).
-8
Let q be (3/2 - 1)*59/118. Let o(x) be the first derivative of q*x**4 + 1 - 3*x**2 + 3*x + 5/3*x**3. Give o(-6).
3
Let f(b) be the third derivative of b**6/60 - b**5/15 + b**4/6 - b**3/3 - 16*b**2. Determine f(2).
6
Suppose j - 49 = 5*y - 3*j, -4*y = -2*j + 38. Let l(r) be the third derivative of r**5/60 + r**4/3 - 3*r**3/2 + 3*r**2. Calculate l(y).
0
Let v(n) = -11*n**2 - n. Suppose 0 = 3*x - x - 10. Suppose -x*w - 42 = -37. Calculate v(w).
-10
Let c(f) = -3*f + 8. Let q(y) = 56*y + 399. Let n be q(-7). Calculate c(n).
-13
Let d(a) = a**2 - 2*a - 6. Let y = 28 - 24. Let h be d(y). Let i(r) = r**2 - 2*r + 2. What is i(h)?
2
Let s(q) = q**3 + 2*q**2 - 2*q - 3. Let w be (-2 + 0 + 1)*3/3. Let k(z) = -z - 3. Let o be k(w). Give s(o).
1
Let h(c) = 3*c + 59. Let s(a) = 2*a + 33. Let t(n) = -3*h(n) + 5*s(n). What is t(0)?
-12
Let n(s) = s**2 - 39 - 36 + 2*s + 110 - 39. What is n(-4)?
4
Suppose l = 3*l - c - 7, 3*l + c - 3 = 0. Let j(z) be the third derivative of -1/12*z**4 - 3*z**l + 0 + 0*z**3 + 0*z. Determine j(1).
-2
Suppose -34 = q - 27. Let s(u) = u**3 + 7*u**2 - 3*u - 9. Calculate s(q).
12
Suppose -3*a = -7*a. Let t be (a + (-4 - -2))/1. Let l(d) = -d + 1. Give l(t).
3
Let h(r) be the first derivative of -r**4/4 + 7*r**3/3 + 10*r**2 - 5*r + 131. Determine h(9).
13
Let t(g) = -g - 9. Let v(x) = x + 5. Let r(k) = 4*t(k) + 7*v(k). Let p = 0 + 3. Suppose -c - 8 = -p*c. Determine r(c).
11
Suppose 1 = 3*x + 13. Let i(w) be the third derivative of 0*w + 1/6*w**3 + 10*w**2 - 1/12*w**4 + 0 + 1/120*w**6 + 1/20*w**5. Determine i(x).
-7
Let q(d) = -2*d - d**3 - 5*d**2 + 3*d + 3 + 2*d**2. Let l(n) = 5*n + 11 - 4 + n**2 + 1 - 17*n. Let o be l(11). Calculate q(o).
0
Let y be (4/3)/(2/3). Let p be -1 - (-4 + -4 + 4). Let f(w) = 2*w - p + 4 + 1 - 1. What is f(y)?
5
Suppose -5*q + 19 = -3*s, -3*q + 2*q = -4*s + 3. Let t be s*(-2 + 14/4). Let n = t + -3. Let k(x) = x**2 - x - 10. Determine k(n).
-10
Let l(s) = 3*s**3 + 5*s**2 + 2*s + 7. Let y(o) = o**3 + 2*o**2 + o + 3. Let u(f) = 2*l(f) - 5*y(f). Let g(q) = q + 2. Let a be g(-4). Calculate u(a).
-7
Let x(y) = -1